9
Calculate the remainder when 928 is divided by 219.
52
Calculate the remainder when 75 is divided by 7.
5
What is the remainder when 311 is divided by 75?
11
Calculate the remainder when 136 is divided by 18.
10
Calculate the remainder when 6302 is divided by 13.
10
Calculate the remainder when 101 is divided by 81.
20
What is the remainder when 140 is divided by 103?
37
Calculate the remainder when 45 is divided by 31.
14
What is the remainder when 1529 is divided by 370?
49
Calculate the remainder when 81 is divided by 44.
37
What is the remainder when 215 is divided by 24?
23
What is the remainder when 100 is divided by 26?
22
Calculate the remainder when 1201 is divided by 28.
25
What is the remainder when 299 is divided by 101?
97
Calculate the remainder when 127 is divided by 24.
7
What is the remainder when 458 is divided by 8?
2
Calculate the remainder when 716 is divided by 72.
68
What is the remainder when 10 is divided by 6?
4
Calculate the remainder when 1168 is divided by 117.
115
What is the remainder when 250 is divided by 79?
13
What is the remainder when 1024 is divided by 25?
24
What is the remainder when 1244 is divided by 176?
12
Calculate the remainder when 1111 is divided by 28.
19
Calculate the remainder when 27 is divided by 5.
2
Calculate the remainder when 645 is divided by 36.
33
Calculate the remainder when 563 is divided by 12.
11
What is the remainder when 113 is divided by 73?
40
What is the remainder when 928 is divided by 26?
18
What is the remainder when 495 is divided by 253?
242
Calculate the remainder when 381 is divided by 35.
31
Calculate the remainder when 71 is divided by 31.
9
Calculate the remainder when 658 is divided by 218.
4
What is the remainder when 18 is divided by 13?
5
Calculate the remainder when 559 is divided by 39.
13
What is the remainder when 2657 is divided by 76?
73
What is the remainder when 2143 is divided by 16?
15
Calculate the remainder when 36198 is divided by 20.
18
What is the remainder when 1660 is divided by 49?
43
What is the remainder when 168 is divided by 34?
32
Calculate the remainder when 456 is divided by 27.
24
What is the remainder when 2704 is divided by 43?
38
What is the remainder when 1763 is divided by 98?
97
Calculate the remainder when 45 is divided by 6.
3
What is the remainder when 206 is divided by 3?
2
Calculate the remainder when 2090 is divided by 20.
10
What is the remainder when 11357 is divided by 71?
68
Calculate the remainder when 2065 is divided by 23.
18
What is the remainder when 232 is divided by 26?
24
What is the remainder when 610 is divided by 34?
32
Calculate the remainder when 3519 is divided by 20.
19
What is the remainder when 13845 is divided by 322?
321
What is the remainder when 1010 is divided by 44?
42
What is the remainder when 82 is divided by 38?
6
Calculate the remainder when 7002 is divided by 68.
66
Calculate the remainder when 265 is divided by 73.
46
Calculate the remainder when 216 is divided by 55.
51
What is the remainder when 2241 is divided by 187?
184
Calculate the remainder when 4205 is divided by 65.
45
Calculate the remainder when 132 is divided by 45.
42
What is the remainder when 54 is divided by 14?
12
Calculate the remainder when 5 is divided by 3.
2
Calculate the remainder when 64 is divided by 9.
1
What is the remainder when 338 is divided by 57?
53
What is the remainder when 379 is divided by 93?
7
Calculate the remainder when 1991 is divided by 25.
16
What is the remainder when 314 is divided by 135?
44
What is the remainder when 41199 is divided by 218?
215
Calculate the remainder when 428 is divided by 24.
20
What is the remainder when 3140 is divided by 165?
5
What is the remainder when 1128 is divided by 57?
45
Calculate the remainder when 1195 is divided by 60.
55
What is the remainder when 489 is divided by 102?
81
Calculate the remainder when 1711 is divided by 830.
51
Calculate the remainder when 134 is divided by 42.
8
What is the remainder when 88 is divided by 15?
13
What is the remainder when 101 is divided by 19?
6
Calculate the remainder when 19905 is divided by 17.
15
What is the remainder when 140 is divided by 2?
0
What is the remainder when 1580 is divided by 12?
8
Calculate the remainder when 2841 is divided by 179.
156
Calculate the remainder when 587 is divided by 26.
15
Calculate the remainder when 151 is divided by 85.
66
What is the remainder when 3191 is divided by 290?
1
What is the remainder when 41 is divided by 41?
0
What is the remainder when 44 is divided by 32?
12
What is the remainder when 296 is divided by 52?
36
Calculate the remainder when 821 is divided by 103.
100
Calculate the remainder when 319 is divided by 55.
44
Calculate the remainder when 101 is divided by 2.
1
What is the remainder when 340 is divided by 216?
124
What is the remainder when 971 is divided by 195?
191
What is the remainder when 170 is divided by 92?
78
What is the remainder when 6110 is divided by 3053?
4
Calculate the remainder when 92 is divided by 26.
14
Calculate the remainder when 479 is divided by 5.
4
Calculate the remainder when 983 is divided by 139.
10
What is the remainder when 236 is divided by 24?
20
Calculate the remainder when 388 is divided by 103.
79
Calculate the remainder when 89 is divided by 46.
43
What is the remainder when 406 is divided by 2?
0
Calculate the remainder when 9 is divided by 3.
0
What is the remainder when 87 is divided by 6?
3
What is the remainder when 10807 is divided by 159?
154
What is the remainder when 307 is divided by 22?
21
Calculate the remainder when 3496 is divided by 22.
20
Calculate the remainder when 286 is divided by 54.
16
Calculate the remainder when 919 is divided by 451.
17
What is the remainder when 32 is divided by 31?
1
Calculate the remainder when 429 is divided by 8.
5
Calculate the remainder when 674 is divided by 52.
50
Calculate the remainder when 301 is divided by 291.
10
Calculate the remainder when 146 is divided by 19.
13
What is the remainder when 4857 is divided by 135?
132
Calculate the remainder when 6694 is divided by 18.
16
Calculate the remainder when 207 is divided by 53.
48
What is the remainder when 879 is divided by 27?
15
Calculate the remainder when 1705 is divided by 282.
13
Calculate the remainder when 154 is divided by 74.
6
What is the remainder when 357 is divided by 90?
87
What is the remainder when 108 is divided by 60?
48
Calculate the remainder when 406 is divided by 29.
0
Calculate the remainder when 5917 is divided by 42.
37
What is the remainder when 1446 is divided by 478?
12
What is the remainder when 2616 is divided by 61?
54
What is the remainder when 168 is divided by 96?
72
What is the remainder when 161 is divided by 54?
53
Calculate the remainder when 3010 is divided by 334.
4
Calculate the remainder when 2064 is divided by 44.
40
What is the remainder when 166 is divided by 35?
26
What is the remainder when 42 is divided by 36?
6
What is the remainder when 73 is divided by 19?
16
What is the remainder when 3432 is divided by 154?
44
Calculate the remainder when 73 is divided by 39.
34
What is the remainder when 2718 is divided by 273?
261
What is the remainder when 250 is divided by 77?
19
Calculate the remainder when 2583 is divided by 19.
18
What is the remainder when 69 is divided by 14?
13
Calculate the remainder when 1012 is divided by 70.
32
Calculate the remainder when 1602 is divided by 396.
18
Calculate the remainder when 3535 is divided by 12.
7
What is the remainder when 18 is divided by 7?
4
What is the remainder when 17989 is divided by 35?
34
Calculate the remainder when 147 is divided by 30.
27
Calculate the remainder when 274 is divided by 126.
22
Calculate the remainder when 342 is divided by 7.
6
What is the remainder when 261 is divided by 22?
19
What is the remainder when 2141 is divided by 8?
5
What is the remainder when 1879 is divided by 10?
9
What is the remainder when 1116 is divided by 7?
3
Calculate the remainder when 267 is divided by 54.
51
Calculate the remainder when 15 is divided by 2.
1
What is the remainder when 128 is divided by 42?
2
What is the remainder when 2840 is divided by 261?
230
What is the remainder when 197 is divided by 66?
65
Calculate the